{"id":3132,"date":"2026-04-27T17:49:39","date_gmt":"2026-04-27T15:49:39","guid":{"rendered":"https:\/\/www.collectifdromehandicap.fr\/?post_type=tribe_events&#038;p=3132"},"modified":"2026-04-27T17:49:39","modified_gmt":"2026-04-27T15:49:39","slug":"galapei-15eme-gala-dim-14-juin-15h-montelier-adapei","status":"publish","type":"tribe_events","link":"https:\/\/www.collectifdromehandicap.fr\/?tribe_events=galapei-15eme-gala-dim-14-juin-15h-montelier-adapei","title":{"rendered":"GALAPEI 15\u00e8me Gala dim. 14 juin 15h Mont\u00e9lier | ADAPEI"},"content":{"rendered":"<p><img loading=\"lazy\" decoding=\"async\" class=\"alignleft size-full wp-image-3133\" src=\"https:\/\/www.collectifdromehandicap.fr\/wp-content\/uploads\/2026\/04\/Galapei.png\" alt=\"\" width=\"637\" height=\"905\" srcset=\"https:\/\/www.collectifdromehandicap.fr\/wp-content\/uploads\/2026\/04\/Galapei.png 637w, https:\/\/www.collectifdromehandicap.fr\/wp-content\/uploads\/2026\/04\/Galapei-480x682.png 480w\" sizes=\"(min-width: 0px) and (max-width: 480px) 480px, (min-width: 481px) 637px, 100vw\" \/><\/p>\n","protected":false},"excerpt":{"rendered":"","protected":false},"author":1,"featured_media":0,"template":"","meta":{"_et_pb_use_builder":"","_et_pb_old_content":"","_et_gb_content_width":"","_tribe_events_status":"","_tribe_events_status_reason":"","footnotes":""},"tags":[],"tribe_events_cat":[12],"class_list":["post-3132","tribe_events","type-tribe_events","status-publish","hentry","tribe_events_cat-agenda","cat_agenda"],"yoast_head":"<!-- This site is optimized with the Yoast SEO plugin v27.5 - https:\/\/yoast.com\/product\/yoast-seo-wordpress\/ -->\n<title>GALAPEI 15\u00e8me Gala dim. 14 juin 15h Mont\u00e9lier | ADAPEI - Le Collectif Dr\u00f4me Handicap<\/title>\n<meta name=\"robots\" content=\"index, follow, max-snippet:-1, max-image-preview:large, max-video-preview:-1\" \/>\n<link rel=\"canonical\" href=\"https:\/\/www.collectifdromehandicap.fr\/?tribe_events=galapei-15eme-gala-dim-14-juin-15h-montelier-adapei\" \/>\n<meta property=\"og:locale\" content=\"fr_FR\" \/>\n<meta property=\"og:type\" content=\"article\" \/>\n<meta property=\"og:title\" content=\"GALAPEI 15\u00e8me Gala dim. 14 juin 15h Mont\u00e9lier | ADAPEI - Le Collectif Dr\u00f4me Handicap\" \/>\n<meta property=\"og:url\" content=\"https:\/\/www.collectifdromehandicap.fr\/?tribe_events=galapei-15eme-gala-dim-14-juin-15h-montelier-adapei\" \/>\n<meta property=\"og:site_name\" content=\"Le Collectif Dr\u00f4me Handicap\" \/>\n<meta property=\"og:image\" content=\"https:\/\/www.collectifdromehandicap.fr\/wp-content\/uploads\/2026\/04\/Galapei.png\" \/>\n\t<meta property=\"og:image:width\" content=\"637\" \/>\n\t<meta property=\"og:image:height\" content=\"905\" \/>\n\t<meta property=\"og:image:type\" content=\"image\/png\" \/>\n<meta name=\"twitter:card\" content=\"summary_large_image\" \/>\n<meta name=\"twitter:label1\" content=\"Dur\u00e9e de lecture estim\u00e9e\" \/>\n\t<meta name=\"twitter:data1\" content=\"1 minute\" \/>\n<script type=\"application\/ld+json\" class=\"yoast-schema-graph\">{\"@context\":\"https:\\\/\\\/schema.org\",\"@graph\":[{\"@type\":\"WebPage\",\"@id\":\"https:\\\/\\\/www.collectifdromehandicap.fr\\\/?tribe_events=galapei-15eme-gala-dim-14-juin-15h-montelier-adapei\",\"url\":\"https:\\\/\\\/www.collectifdromehandicap.fr\\\/?tribe_events=galapei-15eme-gala-dim-14-juin-15h-montelier-adapei\",\"name\":\"GALAPEI 15\u00e8me Gala dim. 14 juin 15h Mont\u00e9lier | ADAPEI - Le Collectif Dr\u00f4me Handicap\",\"isPartOf\":{\"@id\":\"https:\\\/\\\/www.collectifdromehandicap.fr\\\/#website\"},\"primaryImageOfPage\":{\"@id\":\"https:\\\/\\\/www.collectifdromehandicap.fr\\\/?tribe_events=galapei-15eme-gala-dim-14-juin-15h-montelier-adapei#primaryimage\"},\"image\":{\"@id\":\"https:\\\/\\\/www.collectifdromehandicap.fr\\\/?tribe_events=galapei-15eme-gala-dim-14-juin-15h-montelier-adapei#primaryimage\"},\"thumbnailUrl\":\"https:\\\/\\\/www.collectifdromehandicap.fr\\\/wp-content\\\/uploads\\\/2026\\\/04\\\/Galapei.png\",\"datePublished\":\"2026-04-27T15:49:39+00:00\",\"breadcrumb\":{\"@id\":\"https:\\\/\\\/www.collectifdromehandicap.fr\\\/?tribe_events=galapei-15eme-gala-dim-14-juin-15h-montelier-adapei#breadcrumb\"},\"inLanguage\":\"fr-FR\",\"potentialAction\":[{\"@type\":\"ReadAction\",\"target\":[\"https:\\\/\\\/www.collectifdromehandicap.fr\\\/?tribe_events=galapei-15eme-gala-dim-14-juin-15h-montelier-adapei\"]}]},{\"@type\":\"ImageObject\",\"inLanguage\":\"fr-FR\",\"@id\":\"https:\\\/\\\/www.collectifdromehandicap.fr\\\/?tribe_events=galapei-15eme-gala-dim-14-juin-15h-montelier-adapei#primaryimage\",\"url\":\"https:\\\/\\\/www.collectifdromehandicap.fr\\\/wp-content\\\/uploads\\\/2026\\\/04\\\/Galapei.png\",\"contentUrl\":\"https:\\\/\\\/www.collectifdromehandicap.fr\\\/wp-content\\\/uploads\\\/2026\\\/04\\\/Galapei.png\",\"width\":637,\"height\":905},{\"@type\":\"BreadcrumbList\",\"@id\":\"https:\\\/\\\/www.collectifdromehandicap.fr\\\/?tribe_events=galapei-15eme-gala-dim-14-juin-15h-montelier-adapei#breadcrumb\",\"itemListElement\":[{\"@type\":\"ListItem\",\"position\":1,\"name\":\"Accueil\",\"item\":\"https:\\\/\\\/www.collectifdromehandicap.fr\\\/\"},{\"@type\":\"ListItem\",\"position\":2,\"name\":\"\u00c9v\u00e8nements\",\"item\":\"https:\\\/\\\/www.collectifdromehandicap.fr\\\/?post_type=tribe_events\"},{\"@type\":\"ListItem\",\"position\":3,\"name\":\"GALAPEI 15\u00e8me Gala dim. 14 juin 15h Mont\u00e9lier | ADAPEI\"}]},{\"@type\":\"WebSite\",\"@id\":\"https:\\\/\\\/www.collectifdromehandicap.fr\\\/#website\",\"url\":\"https:\\\/\\\/www.collectifdromehandicap.fr\\\/\",\"name\":\"Le Collectif Dr\u00f4me Handicap\",\"description\":\"Un groupement qui fait bouger les lignes du handicap\",\"publisher\":{\"@id\":\"https:\\\/\\\/www.collectifdromehandicap.fr\\\/#organization\"},\"potentialAction\":[{\"@type\":\"SearchAction\",\"target\":{\"@type\":\"EntryPoint\",\"urlTemplate\":\"https:\\\/\\\/www.collectifdromehandicap.fr\\\/?s={search_term_string}\"},\"query-input\":{\"@type\":\"PropertyValueSpecification\",\"valueRequired\":true,\"valueName\":\"search_term_string\"}}],\"inLanguage\":\"fr-FR\"},{\"@type\":\"Organization\",\"@id\":\"https:\\\/\\\/www.collectifdromehandicap.fr\\\/#organization\",\"name\":\"Le Collectif Dr\u00f4me Handicap\",\"url\":\"https:\\\/\\\/www.collectifdromehandicap.fr\\\/\",\"logo\":{\"@type\":\"ImageObject\",\"inLanguage\":\"fr-FR\",\"@id\":\"https:\\\/\\\/www.collectifdromehandicap.fr\\\/#\\\/schema\\\/logo\\\/image\\\/\",\"url\":\"https:\\\/\\\/www.collectifdromehandicap.fr\\\/wp-content\\\/uploads\\\/2023\\\/02\\\/logo-cdh.png\",\"contentUrl\":\"https:\\\/\\\/www.collectifdromehandicap.fr\\\/wp-content\\\/uploads\\\/2023\\\/02\\\/logo-cdh.png\",\"width\":1059,\"height\":304,\"caption\":\"Le Collectif Dr\u00f4me Handicap\"},\"image\":{\"@id\":\"https:\\\/\\\/www.collectifdromehandicap.fr\\\/#\\\/schema\\\/logo\\\/image\\\/\"}}]}<\/script>\n<!-- \/ Yoast SEO plugin. -->","yoast_head_json":{"title":"GALAPEI 15\u00e8me Gala dim. 14 juin 15h Mont\u00e9lier | ADAPEI - Le Collectif Dr\u00f4me Handicap","robots":{"index":"index","follow":"follow","max-snippet":"max-snippet:-1","max-image-preview":"max-image-preview:large","max-video-preview":"max-video-preview:-1"},"canonical":"https:\/\/www.collectifdromehandicap.fr\/?tribe_events=galapei-15eme-gala-dim-14-juin-15h-montelier-adapei","og_locale":"fr_FR","og_type":"article","og_title":"GALAPEI 15\u00e8me Gala dim. 14 juin 15h Mont\u00e9lier | ADAPEI - Le Collectif Dr\u00f4me Handicap","og_url":"https:\/\/www.collectifdromehandicap.fr\/?tribe_events=galapei-15eme-gala-dim-14-juin-15h-montelier-adapei","og_site_name":"Le Collectif Dr\u00f4me Handicap","og_image":[{"width":637,"height":905,"url":"https:\/\/www.collectifdromehandicap.fr\/wp-content\/uploads\/2026\/04\/Galapei.png","type":"image\/png"}],"twitter_card":"summary_large_image","twitter_misc":{"Dur\u00e9e de lecture estim\u00e9e":"1 minute"},"schema":{"@context":"https:\/\/schema.org","@graph":[{"@type":"WebPage","@id":"https:\/\/www.collectifdromehandicap.fr\/?tribe_events=galapei-15eme-gala-dim-14-juin-15h-montelier-adapei","url":"https:\/\/www.collectifdromehandicap.fr\/?tribe_events=galapei-15eme-gala-dim-14-juin-15h-montelier-adapei","name":"GALAPEI 15\u00e8me Gala dim. 14 juin 15h Mont\u00e9lier | ADAPEI - Le Collectif Dr\u00f4me Handicap","isPartOf":{"@id":"https:\/\/www.collectifdromehandicap.fr\/#website"},"primaryImageOfPage":{"@id":"https:\/\/www.collectifdromehandicap.fr\/?tribe_events=galapei-15eme-gala-dim-14-juin-15h-montelier-adapei#primaryimage"},"image":{"@id":"https:\/\/www.collectifdromehandicap.fr\/?tribe_events=galapei-15eme-gala-dim-14-juin-15h-montelier-adapei#primaryimage"},"thumbnailUrl":"https:\/\/www.collectifdromehandicap.fr\/wp-content\/uploads\/2026\/04\/Galapei.png","datePublished":"2026-04-27T15:49:39+00:00","breadcrumb":{"@id":"https:\/\/www.collectifdromehandicap.fr\/?tribe_events=galapei-15eme-gala-dim-14-juin-15h-montelier-adapei#breadcrumb"},"inLanguage":"fr-FR","potentialAction":[{"@type":"ReadAction","target":["https:\/\/www.collectifdromehandicap.fr\/?tribe_events=galapei-15eme-gala-dim-14-juin-15h-montelier-adapei"]}]},{"@type":"ImageObject","inLanguage":"fr-FR","@id":"https:\/\/www.collectifdromehandicap.fr\/?tribe_events=galapei-15eme-gala-dim-14-juin-15h-montelier-adapei#primaryimage","url":"https:\/\/www.collectifdromehandicap.fr\/wp-content\/uploads\/2026\/04\/Galapei.png","contentUrl":"https:\/\/www.collectifdromehandicap.fr\/wp-content\/uploads\/2026\/04\/Galapei.png","width":637,"height":905},{"@type":"BreadcrumbList","@id":"https:\/\/www.collectifdromehandicap.fr\/?tribe_events=galapei-15eme-gala-dim-14-juin-15h-montelier-adapei#breadcrumb","itemListElement":[{"@type":"ListItem","position":1,"name":"Accueil","item":"https:\/\/www.collectifdromehandicap.fr\/"},{"@type":"ListItem","position":2,"name":"\u00c9v\u00e8nements","item":"https:\/\/www.collectifdromehandicap.fr\/?post_type=tribe_events"},{"@type":"ListItem","position":3,"name":"GALAPEI 15\u00e8me Gala dim. 14 juin 15h Mont\u00e9lier | ADAPEI"}]},{"@type":"WebSite","@id":"https:\/\/www.collectifdromehandicap.fr\/#website","url":"https:\/\/www.collectifdromehandicap.fr\/","name":"Le Collectif Dr\u00f4me Handicap","description":"Un groupement qui fait bouger les lignes du handicap","publisher":{"@id":"https:\/\/www.collectifdromehandicap.fr\/#organization"},"potentialAction":[{"@type":"SearchAction","target":{"@type":"EntryPoint","urlTemplate":"https:\/\/www.collectifdromehandicap.fr\/?s={search_term_string}"},"query-input":{"@type":"PropertyValueSpecification","valueRequired":true,"valueName":"search_term_string"}}],"inLanguage":"fr-FR"},{"@type":"Organization","@id":"https:\/\/www.collectifdromehandicap.fr\/#organization","name":"Le Collectif Dr\u00f4me Handicap","url":"https:\/\/www.collectifdromehandicap.fr\/","logo":{"@type":"ImageObject","inLanguage":"fr-FR","@id":"https:\/\/www.collectifdromehandicap.fr\/#\/schema\/logo\/image\/","url":"https:\/\/www.collectifdromehandicap.fr\/wp-content\/uploads\/2023\/02\/logo-cdh.png","contentUrl":"https:\/\/www.collectifdromehandicap.fr\/wp-content\/uploads\/2023\/02\/logo-cdh.png","width":1059,"height":304,"caption":"Le Collectif Dr\u00f4me Handicap"},"image":{"@id":"https:\/\/www.collectifdromehandicap.fr\/#\/schema\/logo\/image\/"}}]}},"_links":{"self":[{"href":"https:\/\/www.collectifdromehandicap.fr\/index.php?rest_route=\/wp\/v2\/tribe_events\/3132","targetHints":{"allow":["GET"]}}],"collection":[{"href":"https:\/\/www.collectifdromehandicap.fr\/index.php?rest_route=\/wp\/v2\/tribe_events"}],"about":[{"href":"https:\/\/www.collectifdromehandicap.fr\/index.php?rest_route=\/wp\/v2\/types\/tribe_events"}],"author":[{"embeddable":true,"href":"https:\/\/www.collectifdromehandicap.fr\/index.php?rest_route=\/wp\/v2\/users\/1"}],"version-history":[{"count":1,"href":"https:\/\/www.collectifdromehandicap.fr\/index.php?rest_route=\/wp\/v2\/tribe_events\/3132\/revisions"}],"predecessor-version":[{"id":3135,"href":"https:\/\/www.collectifdromehandicap.fr\/index.php?rest_route=\/wp\/v2\/tribe_events\/3132\/revisions\/3135"}],"wp:attachment":[{"href":"https:\/\/www.collectifdromehandicap.fr\/index.php?rest_route=%2Fwp%2Fv2%2Fmedia&parent=3132"}],"wp:term":[{"taxonomy":"post_tag","embeddable":true,"href":"https:\/\/www.collectifdromehandicap.fr\/index.php?rest_route=%2Fwp%2Fv2%2Ftags&post=3132"},{"taxonomy":"tribe_events_cat","embeddable":true,"href":"https:\/\/www.collectifdromehandicap.fr\/index.php?rest_route=%2Fwp%2Fv2%2Ftribe_events_cat&post=3132"}],"curies":[{"name":"wp","href":"https:\/\/api.w.org\/{rel}","templated":true}]}}

GALAPEI 15ème Gala dim. 14 juin 15h Montélier | ADAPEI

<!-- This site is optimized with the Yoast SEO plugin v27.5 - https://yoast.com/product/yoast-seo-wordpress/ -->
<title>GALAPEI 15ème Gala dim. 14 juin 15h Montélier | ADAPEI - Le Collectif Drôme Handicap</title>
<meta name="robots" content="index, follow, max-snippet:-1, max-image-preview:large, max-video-preview:-1" />
<link rel="canonical" href="https://www.collectifdromehandicap.fr/?tribe_events=galapei-15eme-gala-dim-14-juin-15h-montelier-adapei" />
<meta property="og:locale" content="fr_FR" />
<meta property="og:type" content="article" />
<meta property="og:title" content="GALAPEI 15ème Gala dim. 14 juin 15h Montélier | ADAPEI - Le Collectif Drôme Handicap" />
<meta property="og:url" content="https://www.collectifdromehandicap.fr/?tribe_events=galapei-15eme-gala-dim-14-juin-15h-montelier-adapei" />
<meta property="og:site_name" content="Le Collectif Drôme Handicap" />
<meta property="og:image" content="https://www.collectifdromehandicap.fr/wp-content/uploads/2026/04/Galapei.png" />
	<meta property="og:image:width" content="637" />
	<meta property="og:image:height" content="905" />
	<meta property="og:image:type" content="image/png" />
<meta name="twitter:card" content="summary_large_image" />
<meta name="twitter:label1" content="Durée de lecture estimée" />
	<meta name="twitter:data1" content="1 minute" />
<script type="application/ld+json" class="yoast-schema-graph">{"@context":"https:\/\/schema.org","@graph":[{"@type":"WebPage","@id":"https:\/\/www.collectifdromehandicap.fr\/?tribe_events=galapei-15eme-gala-dim-14-juin-15h-montelier-adapei","url":"https:\/\/www.collectifdromehandicap.fr\/?tribe_events=galapei-15eme-gala-dim-14-juin-15h-montelier-adapei","name":"GALAPEI 15ème Gala dim. 14 juin 15h Montélier | ADAPEI - Le Collectif Drôme Handicap","isPartOf":{"@id":"https:\/\/www.collectifdromehandicap.fr\/#website"},"primaryImageOfPage":{"@id":"https:\/\/www.collectifdromehandicap.fr\/?tribe_events=galapei-15eme-gala-dim-14-juin-15h-montelier-adapei#primaryimage"},"image":{"@id":"https:\/\/www.collectifdromehandicap.fr\/?tribe_events=galapei-15eme-gala-dim-14-juin-15h-montelier-adapei#primaryimage"},"thumbnailUrl":"https:\/\/www.collectifdromehandicap.fr\/wp-content\/uploads\/2026\/04\/Galapei.png","datePublished":"2026-04-27T15:49:39+00:00","breadcrumb":{"@id":"https:\/\/www.collectifdromehandicap.fr\/?tribe_events=galapei-15eme-gala-dim-14-juin-15h-montelier-adapei#breadcrumb"},"inLanguage":"fr-FR","potentialAction":[{"@type":"ReadAction","target":["https:\/\/www.collectifdromehandicap.fr\/?tribe_events=galapei-15eme-gala-dim-14-juin-15h-montelier-adapei"]}]},{"@type":"ImageObject","inLanguage":"fr-FR","@id":"https:\/\/www.collectifdromehandicap.fr\/?tribe_events=galapei-15eme-gala-dim-14-juin-15h-montelier-adapei#primaryimage","url":"https:\/\/www.collectifdromehandicap.fr\/wp-content\/uploads\/2026\/04\/Galapei.png","contentUrl":"https:\/\/www.collectifdromehandicap.fr\/wp-content\/uploads\/2026\/04\/Galapei.png","width":637,"height":905},{"@type":"BreadcrumbList","@id":"https:\/\/www.collectifdromehandicap.fr\/?tribe_events=galapei-15eme-gala-dim-14-juin-15h-montelier-adapei#breadcrumb","itemListElement":[{"@type":"ListItem","position":1,"name":"Accueil","item":"https:\/\/www.collectifdromehandicap.fr\/"},{"@type":"ListItem","position":2,"name":"Évènements","item":"https:\/\/www.collectifdromehandicap.fr\/?post_type=tribe_events"},{"@type":"ListItem","position":3,"name":"GALAPEI 15ème Gala dim. 14 juin 15h Montélier | ADAPEI"}]},{"@type":"WebSite","@id":"https:\/\/www.collectifdromehandicap.fr\/#website","url":"https:\/\/www.collectifdromehandicap.fr\/","name":"Le Collectif Drôme Handicap","description":"Un groupement qui fait bouger les lignes du handicap","publisher":{"@id":"https:\/\/www.collectifdromehandicap.fr\/#organization"},"potentialAction":[{"@type":"SearchAction","target":{"@type":"EntryPoint","urlTemplate":"https:\/\/www.collectifdromehandicap.fr\/?s={search_term_string}"},"query-input":{"@type":"PropertyValueSpecification","valueRequired":true,"valueName":"search_term_string"}}],"inLanguage":"fr-FR"},{"@type":"Organization","@id":"https:\/\/www.collectifdromehandicap.fr\/#organization","name":"Le Collectif Drôme Handicap","url":"https:\/\/www.collectifdromehandicap.fr\/","logo":{"@type":"ImageObject","inLanguage":"fr-FR","@id":"https:\/\/www.collectifdromehandicap.fr\/#\/schema\/logo\/image\/","url":"https:\/\/www.collectifdromehandicap.fr\/wp-content\/uploads\/2023\/02\/logo-cdh.png","contentUrl":"https:\/\/www.collectifdromehandicap.fr\/wp-content\/uploads\/2023\/02\/logo-cdh.png","width":1059,"height":304,"caption":"Le Collectif Drôme Handicap"},"image":{"@id":"https:\/\/www.collectifdromehandicap.fr\/#\/schema\/logo\/image\/"}}]}</script>
<!-- / Yoast SEO plugin. -->

GALAPEI 15ème Gala dim. 14 juin 15h Montélier | ADAPEI - Le Collectif Drôme Handicap

Le Collectif Drôme Handicap

Évènements
